{"id":10,"date":"2022-09-25T17:21:14","date_gmt":"2022-09-25T17:21:14","guid":{"rendered":"https:\/\/repaircafe-ludwigslust.de\/?page_id=10"},"modified":"2024-12-01T10:35:29","modified_gmt":"2024-12-01T09:35:29","slug":"ueber-uns","status":"publish","type":"page","link":"https:\/\/repaircafe-ludwigslust.de\/index.php\/ueber-uns\/","title":{"rendered":"\u00dcber uns"},"content":{"rendered":"\n<div class=\"wp-block-columns is-layout-flex wp-container-core-columns-is-layout-9d6595d7 wp-block-columns-is-layout-flex\">\n<div class=\"wp-block-column is-layout-flow wp-block-column-is-layout-flow\">\n<figure class=\"wp-block-image size-large is-resized\"><img loading=\"lazy\" decoding=\"async\" width=\"768\" height=\"1024\" src=\"https:\/\/repaircafe-ludwigslust.de\/wp-content\/uploads\/2022\/10\/21393-768x1024.jpg\" alt=\"\" class=\"wp-image-425\" srcset=\"https:\/\/repaircafe-ludwigslust.de\/wp-content\/uploads\/2022\/10\/21393-768x1024.jpg 768w, https:\/\/repaircafe-ludwigslust.de\/wp-content\/uploads\/2022\/10\/21393-225x300.jpg 225w, https:\/\/repaircafe-ludwigslust.de\/wp-content\/uploads\/2022\/10\/21393-1152x1536.jpg 1152w, https:\/\/repaircafe-ludwigslust.de\/wp-content\/uploads\/2022\/10\/21393-1200x1600.jpg 1200w, https:\/\/repaircafe-ludwigslust.de\/wp-content\/uploads\/2022\/10\/21393.jpg 1536w\" sizes=\"auto, (max-width: 768px) 100vw, 768px\" \/><\/figure>\n<\/div>\n\n\n\n<div class=\"wp-block-column is-layout-flow wp-block-column-is-layout-flow\">\n<p>Das Repaircaf\u00e9 Ludwigslust ist eine Initiative von Menschen, <br>die Dir dabei helfen kaputte Gegenst\u00e4nde wieder zum Funktionieren zu bringen. Unter anderem veranstalten wir <a href=\"https:\/\/repaircafe-ludwigslust.de\/index.php\/was-ist-ein-repaircafe\/\" data-type=\"page\" data-id=\"190\">Repaircaf\u00e9s<\/a> in Ludwigslust.<\/p>\n\n\n\n<p>Als organisatorische Basis f\u00fcr unsere Arbeit haben wir einen <a href=\"https:\/\/repaircafe-ludwigslust.de\/index.php\/verein\/\" data-type=\"page\" data-id=\"439\">Verein<\/a> gegr\u00fcndet.<\/p>\n<\/div>\n<\/div>\n\n\n\n<h2 class=\"wp-block-heading\">Warum tun wir das?<\/h2>\n\n\n\n<p>Was repariert werden kann muss nicht neu produziert werden,  Deshalb spart Reparieren Resourcen und vermeidet M\u00fcll.<br>Reparieren hilft uns zu verstehen wie Dinge funktionieren.<br>Gemeinsames Reparieren bringt Menschen zusammen und macht Spa\u00df.<\/p>\n\n\n\n<p><\/p>\n\n\n\n<h2 class=\"wp-block-heading\">Was kann man reparieren?<\/h2>\n\n\n\n<p>Fahrr\u00e4der, Spielzeug, Textilien, Elektroger\u00e4te und Elektronik, z.B. Mobiltelefone, und vieles mehr. Hier ist eine <a href=\"https:\/\/repaircafe-ludwigslust.de\/index.php\/dinge-die-wir-schon-mal-repariert-haben\/\" data-type=\"page\" data-id=\"201\">unvollst\u00e4ndige Liste von Dingen die wir schon mal repariert haben<\/a>. <br><br>Wenn Du ein defektes Ger\u00e4t hast das Du gerne reparieren willst, dann kannst Du <a href=\"https:\/\/repaircafe-ludwigslust.de\/index.php\/defektes-geraet-melden\/\" data-type=\"page\" data-id=\"152\">einfach mal anfragen<\/a> ob wir eine Chance sehen.<\/p>\n\n\n\n<p><\/p>\n\n\n\n<h2 class=\"wp-block-heading\">Wir sind kein Reparaturbetrieb<\/h2>\n\n\n\n<p>Das Repaircaf\u00e9 ist kein Reparaturbetrieb: Wir helfen Dir beim Reparieren Deiner Sachen, aber wir erwarten da\u00df auch Du im Rahmen Deiner M\u00f6glichkeiten mithilfst. <br><br>Auch wenn Du keinen Reparaturbetrieb findest, der die von Dir ben\u00f6tigte Reparatur ausf\u00fchren kann, dann helfen wir Dir gerne bei der Suche.<\/p>\n","protected":false},"excerpt":{"rendered":"<p>Das Repaircaf\u00e9 Ludwigslust ist eine Initiative von Menschen, die Dir dabei helfen kaputte Gegenst\u00e4nde wieder zum Funktionieren zu bringen. Unter anderem veranstalten wir Repaircaf\u00e9s in Ludwigslust. Als organisatorische Basis f\u00fcr [&hellip;]<\/p>\n","protected":false},"author":1,"featured_media":0,"parent":0,"menu_order":0,"comment_status":"closed","ping_status":"closed","template":"","meta":{"footnotes":""},"class_list":["post-10","page","type-page","status-publish","hentry"],"_links":{"self":[{"href":"https:\/\/repaircafe-ludwigslust.de\/index.php\/wp-json\/wp\/v2\/pages\/10","targetHints":{"allow":["GET"]}}],"collection":[{"href":"https:\/\/repaircafe-ludwigslust.de\/index.php\/wp-json\/wp\/v2\/pages"}],"about":[{"href":"https:\/\/repaircafe-ludwigslust.de\/index.php\/wp-json\/wp\/v2\/types\/page"}],"author":[{"embeddable":true,"href":"https:\/\/repaircafe-ludwigslust.de\/index.php\/wp-json\/wp\/v2\/users\/1"}],"replies":[{"embeddable":true,"href":"https:\/\/repaircafe-ludwigslust.de\/index.php\/wp-json\/wp\/v2\/comments?post=10"}],"version-history":[{"count":14,"href":"https:\/\/repaircafe-ludwigslust.de\/index.php\/wp-json\/wp\/v2\/pages\/10\/revisions"}],"predecessor-version":[{"id":1351,"href":"https:\/\/repaircafe-ludwigslust.de\/index.php\/wp-json\/wp\/v2\/pages\/10\/revisions\/1351"}],"wp:attachment":[{"href":"https:\/\/repaircafe-ludwigslust.de\/index.php\/wp-json\/wp\/v2\/media?parent=10"}],"curies":[{"name":"wp","href":"https:\/\/api.w.org\/{rel}","templated":true}]}}