{"id":1499,"date":"2025-06-08T11:58:04","date_gmt":"2025-06-08T09:58:04","guid":{"rendered":"https:\/\/repaircafe-ludwigslust.de\/?page_id=1499"},"modified":"2025-07-03T13:22:17","modified_gmt":"2025-07-03T11:22:17","slug":"das-neue-repaircafe-in-der-lindenstrasse","status":"publish","type":"page","link":"https:\/\/repaircafe-ludwigslust.de\/index.php\/das-neue-repaircafe-in-der-lindenstrasse\/","title":{"rendered":"Das neue Repaircafe in der Lindenstrasse"},"content":{"rendered":"\n<p><br><br>Am 5ten Juli 2025 ist es soweit! &#8212; Wir weihen unsere neuen eigenen R\u00e4ume in der Lindenstrasse 18 ein, und wie sich das geh\u00f6rt, tun wir das mit einem <a href=\"https:\/\/repaircafe-ludwigslust.de\/index.php\/category\/veranstaltungen\/\" data-type=\"category\" data-id=\"12\">Repaircafe.<\/a><br><br>In den neuen R\u00e4umen verf\u00fcgen wir \u00fcber mehr und besser ausgestattete Arbeitspl\u00e4tze f\u00fcr unsere Reparateure und getrenne Bereiche f\u00fcr Cafe und Werkstatt.<br><br>Ausserdem k\u00f6nnen wir diese R\u00e4ume jederzeit f\u00fcr Reparaturen und Veranstaltungen benutzen &#8212; Wir freuen uns darauf unsere Freunde und Kunden in den unseren neuen R\u00e4umen begr\u00fc\u00dfen zu k\u00f6nnen. <\/p>\n\n\n\n<figure class=\"wp-block-image size-large\"><img loading=\"lazy\" decoding=\"async\" width=\"576\" height=\"1024\" src=\"https:\/\/repaircafe-ludwigslust.de\/wp-content\/uploads\/2025\/06\/Repaircafe_Eroeffnung-576x1024.jpg\" alt=\"\" class=\"wp-image-1490\" srcset=\"https:\/\/repaircafe-ludwigslust.de\/wp-content\/uploads\/2025\/06\/Repaircafe_Eroeffnung-576x1024.jpg 576w, https:\/\/repaircafe-ludwigslust.de\/wp-content\/uploads\/2025\/06\/Repaircafe_Eroeffnung-169x300.jpg 169w, https:\/\/repaircafe-ludwigslust.de\/wp-content\/uploads\/2025\/06\/Repaircafe_Eroeffnung-768x1365.jpg 768w, https:\/\/repaircafe-ludwigslust.de\/wp-content\/uploads\/2025\/06\/Repaircafe_Eroeffnung-864x1536.jpg 864w, https:\/\/repaircafe-ludwigslust.de\/wp-content\/uploads\/2025\/06\/Repaircafe_Eroeffnung.jpg 1152w\" sizes=\"auto, (max-width: 576px) 100vw, 576px\" \/><\/figure>\n","protected":false},"excerpt":{"rendered":"<p>Am 5ten Juli 2025 ist es soweit! &#8212; Wir weihen unsere neuen eigenen R\u00e4ume in der Lindenstrasse 18 ein, und wie sich das geh\u00f6rt, tun wir das mit einem Repaircafe. [&hellip;]<\/p>\n","protected":false},"author":1,"featured_media":0,"parent":0,"menu_order":0,"comment_status":"closed","ping_status":"closed","template":"","meta":{"footnotes":""},"class_list":["post-1499","page","type-page","status-publish","hentry"],"_links":{"self":[{"href":"https:\/\/repaircafe-ludwigslust.de\/index.php\/wp-json\/wp\/v2\/pages\/1499","targetHints":{"allow":["GET"]}}],"collection":[{"href":"https:\/\/repaircafe-ludwigslust.de\/index.php\/wp-json\/wp\/v2\/pages"}],"about":[{"href":"https:\/\/repaircafe-ludwigslust.de\/index.php\/wp-json\/wp\/v2\/types\/page"}],"author":[{"embeddable":true,"href":"https:\/\/repaircafe-ludwigslust.de\/index.php\/wp-json\/wp\/v2\/users\/1"}],"replies":[{"embeddable":true,"href":"https:\/\/repaircafe-ludwigslust.de\/index.php\/wp-json\/wp\/v2\/comments?post=1499"}],"version-history":[{"count":5,"href":"https:\/\/repaircafe-ludwigslust.de\/index.php\/wp-json\/wp\/v2\/pages\/1499\/revisions"}],"predecessor-version":[{"id":1555,"href":"https:\/\/repaircafe-ludwigslust.de\/index.php\/wp-json\/wp\/v2\/pages\/1499\/revisions\/1555"}],"wp:attachment":[{"href":"https:\/\/repaircafe-ludwigslust.de\/index.php\/wp-json\/wp\/v2\/media?parent=1499"}],"curies":[{"name":"wp","href":"https:\/\/api.w.org\/{rel}","templated":true}]}}

<p><br><br>Am 5ten Juli 2025 ist es soweit! &#8212; Wir weihen unsere neuen eigenen Räume in der Lindenstrasse 18 ein, und wie sich das gehört, tun wir das mit einem <a href="https://repaircafe-ludwigslust.de/index.php/category/veranstaltungen/" data-type="category" data-id="12">Repaircafe.</a><br><br>In den neuen Räumen verfügen wir über mehr und besser ausgestattete Arbeitsplätze für unsere Reparateure und getrenne Bereiche für Cafe und Werkstatt.<br><br>Ausserdem können wir diese Räume jederzeit für Reparaturen und Veranstaltungen benutzen &#8212; Wir freuen uns darauf unsere Freunde und Kunden in den unseren neuen Räumen begrüßen zu können. </p>



<figure class="wp-block-image size-large"><img loading="lazy" decoding="async" width="576" height="1024" src="https://repaircafe-ludwigslust.de/wp-content/uploads/2025/06/Repaircafe_Eroeffnung-576x1024.jpg" alt="" class="wp-image-1490" srcset="https://repaircafe-ludwigslust.de/wp-content/uploads/2025/06/Repaircafe_Eroeffnung-576x1024.jpg 576w, https://repaircafe-ludwigslust.de/wp-content/uploads/2025/06/Repaircafe_Eroeffnung-169x300.jpg 169w, https://repaircafe-ludwigslust.de/wp-content/uploads/2025/06/Repaircafe_Eroeffnung-768x1365.jpg 768w, https://repaircafe-ludwigslust.de/wp-content/uploads/2025/06/Repaircafe_Eroeffnung-864x1536.jpg 864w, https://repaircafe-ludwigslust.de/wp-content/uploads/2025/06/Repaircafe_Eroeffnung.jpg 1152w" sizes="auto, (max-width: 576px) 100vw, 576px" /></figure>

<p>Am 5ten Juli 2025 ist es soweit! &#8212; Wir weihen unsere neuen eigenen Räume in der Lindenstrasse 18 ein, und wie sich das gehört, tun wir das mit einem Repaircafe. [&hellip;]</p>
