{"id":1491,"date":"2025-06-08T11:42:53","date_gmt":"2025-06-08T09:42:53","guid":{"rendered":"https:\/\/repaircafe-ludwigslust.de\/?post_type=tribe_events&#038;p=1491"},"modified":"2025-06-08T12:13:09","modified_gmt":"2025-06-08T10:13:09","slug":"erstes-ludwigsluster-repaircafe-in-unseren-neuen-raeumen","status":"publish","type":"tribe_events","link":"https:\/\/repaircafe-ludwigslust.de\/index.php\/event\/erstes-ludwigsluster-repaircafe-in-unseren-neuen-raeumen\/","title":{"rendered":"Erstes Ludwigsluster Repaircaf\u00e9 in unseren neuen R\u00e4umen"},"content":{"rendered":"<div class=\"tribe-events-single-event-description tribe-events-content\">\n<p>Am Sonnabend den 05.07.2025 werden wir mit dem 1ten Ludwigsluster Repaircaf\u00e9 im Juli 2025<a href=\"https:\/\/repaircafe-ludwigslust.de\/index.php\/das-neue-repaircafe-in-der-lindenstrasse\/\"> unsere neuen R\u00e4ume in der Lindenstrasse 18<\/a> einweihen.<\/p>\n<p>Wie \u00fcblich werden wir uns dann\u00a0 bei Kaffee und (eventuell) Kuchen gemeinsam mit Ihnen um Ihre Problemf\u00e4lle k\u00fcmmern.<\/p>\n<p>Und wie immer gilt: Eine Voranmeldung ist zwar nicht erforderlich, vermeidet f\u00fcr Sie aber m\u00f6gliche Wartezeiten und erm\u00f6glicht uns uns besser auf Ihr Problem vorzubereiten. Nutzen Sie also \u2013wenn m\u00f6glich\u2013 unsere <a href=\"https:\/\/repaircafe-ludwigslust.de\/index.php\/defektes-geraet-melden\/\">online-Reparaturanfrage<\/a>.<\/p>\n<\/div>\n","protected":false},"excerpt":{"rendered":"<p>Am Sonnabend den 05.07.2025 werden wir mit dem 1ten Ludwigsluster Repaircaf\u00e9 im Juli 2025 unsere neuen R\u00e4ume in der Lindenstrasse 18 einweihen. Wie \u00fcblich werden wir uns dann\u00a0 bei Kaffee [&hellip;]<\/p>\n","protected":false},"author":1,"featured_media":0,"template":"","meta":{"_tribe_events_status":"","_tribe_events_status_reason":"","footnotes":""},"tags":[],"tribe_events_cat":[],"class_list":["post-1491","tribe_events","type-tribe_events","status-publish","hentry"],"_links":{"self":[{"href":"https:\/\/repaircafe-ludwigslust.de\/index.php\/wp-json\/wp\/v2\/tribe_events\/1491","targetHints":{"allow":["GET"]}}],"collection":[{"href":"https:\/\/repaircafe-ludwigslust.de\/index.php\/wp-json\/wp\/v2\/tribe_events"}],"about":[{"href":"https:\/\/repaircafe-ludwigslust.de\/index.php\/wp-json\/wp\/v2\/types\/tribe_events"}],"author":[{"embeddable":true,"href":"https:\/\/repaircafe-ludwigslust.de\/index.php\/wp-json\/wp\/v2\/users\/1"}],"version-history":[{"count":2,"href":"https:\/\/repaircafe-ludwigslust.de\/index.php\/wp-json\/wp\/v2\/tribe_events\/1491\/revisions"}],"predecessor-version":[{"id":1505,"href":"https:\/\/repaircafe-ludwigslust.de\/index.php\/wp-json\/wp\/v2\/tribe_events\/1491\/revisions\/1505"}],"wp:attachment":[{"href":"https:\/\/repaircafe-ludwigslust.de\/index.php\/wp-json\/wp\/v2\/media?parent=1491"}],"wp:term":[{"taxonomy":"post_tag","embeddable":true,"href":"https:\/\/repaircafe-ludwigslust.de\/index.php\/wp-json\/wp\/v2\/tags?post=1491"},{"taxonomy":"tribe_events_cat","embeddable":true,"href":"https:\/\/repaircafe-ludwigslust.de\/index.php\/wp-json\/wp\/v2\/tribe_events_cat?post=1491"}],"curies":[{"name":"wp","href":"https:\/\/api.w.org\/{rel}","templated":true}]}}

Erstes Ludwigsluster Repaircafé in unseren neuen Räumen

<div class="tribe-events-single-event-description tribe-events-content">
<p>Am Sonnabend den 05.07.2025 werden wir mit dem 1ten Ludwigsluster Repaircafé im Juli 2025<a href="https://repaircafe-ludwigslust.de/index.php/das-neue-repaircafe-in-der-lindenstrasse/"> unsere neuen Räume in der Lindenstrasse 18</a> einweihen.</p>
<p>Wie üblich werden wir uns dann  bei Kaffee und (eventuell) Kuchen gemeinsam mit Ihnen um Ihre Problemfälle kümmern.</p>
<p>Und wie immer gilt: Eine Voranmeldung ist zwar nicht erforderlich, vermeidet für Sie aber mögliche Wartezeiten und ermöglicht uns uns besser auf Ihr Problem vorzubereiten. Nutzen Sie also –wenn möglich– unsere <a href="https://repaircafe-ludwigslust.de/index.php/defektes-geraet-melden/">online-Reparaturanfrage</a>.</p>
</div>

<p>Am Sonnabend den 05.07.2025 werden wir mit dem 1ten Ludwigsluster Repaircafé im Juli 2025 unsere neuen Räume in der Lindenstrasse 18 einweihen. Wie üblich werden wir uns dann  bei Kaffee [&hellip;]</p>
