{"id":1644,"date":"2025-11-25T18:59:42","date_gmt":"2025-11-25T17:59:42","guid":{"rendered":"https:\/\/repaircafe-ludwigslust.de\/?post_type=tribe_events&#038;p=1644"},"modified":"2025-11-25T19:13:17","modified_gmt":"2025-11-25T18:13:17","slug":"1644","status":"publish","type":"tribe_events","link":"https:\/\/repaircafe-ludwigslust.de\/index.php\/event\/1644\/","title":{"rendered":"Au\u00dferplanm\u00e4\u00dfiges Repaircafe zur Europ\u00e4ischen Woche der Abfallvermeidung"},"content":{"rendered":"<div class=\"elementor-element elementor-element-5258654f description elementor-widget elementor-widget-theme-post-content animated fadeInUp\" data-id=\"5258654f\" data-element_type=\"widget\" data-settings=\"{}\" data-widget_type=\"theme-post-content.default\">\n<div class=\"elementor-widget-container\">\n<p>Im Rahmen der <a href=\"https:\/\/wochederabfallvermeidung.de\/\" target=\"_blank\" rel=\"noopener\">Europ\u00e4ischen Woche der Abfallvermeidung 2025<\/a> bietet das Repaircafe Ludwigslust e.V. zusammen mit der\u00a0 <a href=\"https:\/\/alp-lup.de\/\" target=\"_blank\" rel=\"noopener\">Abfallwirtschaft Ludwigslust-Parchim A\u00f6R<\/a>\u00a0 unseren B\u00fcrgerinnen ein au\u00dferplanm\u00e4\u00dfiges Repaircafe zur Rettung Ihrer E-Ger\u00e4te vor dem Elektroschrott-Container an.<\/p>\n<p>Am 27.11.2025 \u00f6ffnet das <a href=\"https:\/\/repaircafe-ludwigslust.de\" target=\"_blank\" rel=\"noopener\">Repair-Caf\u00e9 Ludwigslust<\/a> von 09:00 bis 12:00 Uhr, speziell um Elektroger\u00e4ten neues Leben einzuhauchen. Aber auch ohne kaputtes Ger\u00e4t sind sie bei uns willkommen und k\u00f6nnen sich gerne \u00fcber uns, und unsere Arbeit informieren.<\/p>\n<\/div>\n<\/div>\n","protected":false},"excerpt":{"rendered":"<p>Im Rahmen der Europ\u00e4ischen Woche der Abfallvermeidung 2025 bietet das Repaircafe Ludwigslust e.V. zusammen mit der\u00a0 Abfallwirtschaft Ludwigslust-Parchim A\u00f6R\u00a0 unseren B\u00fcrgerinnen ein au\u00dferplanm\u00e4\u00dfiges Repaircafe zur Rettung Ihrer E-Ger\u00e4te vor dem [&hellip;]<\/p>\n","protected":false},"author":1,"featured_media":1645,"template":"","meta":{"_tribe_events_status":"","_tribe_events_status_reason":"","footnotes":""},"tags":[],"tribe_events_cat":[],"class_list":["post-1644","tribe_events","type-tribe_events","status-publish","has-post-thumbnail","hentry"],"_links":{"self":[{"href":"https:\/\/repaircafe-ludwigslust.de\/index.php\/wp-json\/wp\/v2\/tribe_events\/1644","targetHints":{"allow":["GET"]}}],"collection":[{"href":"https:\/\/repaircafe-ludwigslust.de\/index.php\/wp-json\/wp\/v2\/tribe_events"}],"about":[{"href":"https:\/\/repaircafe-ludwigslust.de\/index.php\/wp-json\/wp\/v2\/types\/tribe_events"}],"author":[{"embeddable":true,"href":"https:\/\/repaircafe-ludwigslust.de\/index.php\/wp-json\/wp\/v2\/users\/1"}],"version-history":[{"count":4,"href":"https:\/\/repaircafe-ludwigslust.de\/index.php\/wp-json\/wp\/v2\/tribe_events\/1644\/revisions"}],"predecessor-version":[{"id":1653,"href":"https:\/\/repaircafe-ludwigslust.de\/index.php\/wp-json\/wp\/v2\/tribe_events\/1644\/revisions\/1653"}],"wp:featuredmedia":[{"embeddable":true,"href":"https:\/\/repaircafe-ludwigslust.de\/index.php\/wp-json\/wp\/v2\/media\/1645"}],"wp:attachment":[{"href":"https:\/\/repaircafe-ludwigslust.de\/index.php\/wp-json\/wp\/v2\/media?parent=1644"}],"wp:term":[{"taxonomy":"post_tag","embeddable":true,"href":"https:\/\/repaircafe-ludwigslust.de\/index.php\/wp-json\/wp\/v2\/tags?post=1644"},{"taxonomy":"tribe_events_cat","embeddable":true,"href":"https:\/\/repaircafe-ludwigslust.de\/index.php\/wp-json\/wp\/v2\/tribe_events_cat?post=1644"}],"curies":[{"name":"wp","href":"https:\/\/api.w.org\/{rel}","templated":true}]}}

Außerplanmäßiges Repaircafe zur Europäischen Woche der Abfallvermeidung

<div class="elementor-element elementor-element-5258654f description elementor-widget elementor-widget-theme-post-content animated fadeInUp" data-id="5258654f" data-element_type="widget" data-settings="{}" data-widget_type="theme-post-content.default">
<div class="elementor-widget-container">
<p>Im Rahmen der <a href="https://wochederabfallvermeidung.de/" target="_blank" rel="noopener">Europäischen Woche der Abfallvermeidung 2025</a> bietet das Repaircafe Ludwigslust e.V. zusammen mit der  <a href="https://alp-lup.de/" target="_blank" rel="noopener">Abfallwirtschaft Ludwigslust-Parchim AöR</a>  unseren Bürgerinnen ein außerplanmäßiges Repaircafe zur Rettung Ihrer E-Geräte vor dem Elektroschrott-Container an.</p>
<p>Am 27.11.2025 öffnet das <a href="https://repaircafe-ludwigslust.de" target="_blank" rel="noopener">Repair-Café Ludwigslust</a> von 09:00 bis 12:00 Uhr, speziell um Elektrogeräten neues Leben einzuhauchen. Aber auch ohne kaputtes Gerät sind sie bei uns willkommen und können sich gerne über uns, und unsere Arbeit informieren.</p>
</div>
</div>

<p>Im Rahmen der Europäischen Woche der Abfallvermeidung 2025 bietet das Repaircafe Ludwigslust e.V. zusammen mit der  Abfallwirtschaft Ludwigslust-Parchim AöR  unseren Bürgerinnen ein außerplanmäßiges Repaircafe zur Rettung Ihrer E-Geräte vor dem [&hellip;]</p>
